{"id":1944,"date":"2021-11-12T19:20:27","date_gmt":"2021-11-13T00:20:27","guid":{"rendered":"https:\/\/imporbeer.com.co\/portal-corporativo\/?page_id=1944"},"modified":"2021-12-03T06:34:20","modified_gmt":"2021-12-03T11:34:20","slug":"portal","status":"publish","type":"page","link":"https:\/\/imporbeer.com.co\/portal-corporativo\/portal\/","title":{"rendered":"Portal clientes"},"content":{"rendered":"<div class=\"members-access-error\">\n<div class=\"portal-acceso\">\n<div class=\"col-al-50\"><img class=\"aligncenter wp-image-2735 size-full\" src=\"https:\/\/i0.wp.com\/imporbeer.com.co\/portal-corporativo\/wp-content\/uploads\/2021\/11\/portal-clientes.png?resize=500%2C370&#038;ssl=1\" alt=\"\" width=\"500\" height=\"370\" data-recalc-dims=\"1\" \/><\/div>\n<div class=\"col-al-50\"><div class=\"wpforms-container \" id=\"wpforms-3495\"><form id=\"wpforms-form-3495\" class=\"wpforms-validate wpforms-form\" data-formid=\"3495\" method=\"post\" enctype=\"multipart\/form-data\" action=\"\/portal-corporativo\/wp-json\/wp\/v2\/pages\/1944\" data-token=\"196fa3dce962970c8216f6cdd1639c76\"><noscript class=\"wpforms-error-noscript\">Por favor, activa JavaScript en tu navegador para completar este formulario.<\/noscript><div class=\"wpforms-field-container\"><div id=\"wpforms-3495-field_0-container\" class=\"wpforms-field wpforms-field-text\" data-field-id=\"0\"><label class=\"wpforms-field-label\" for=\"wpforms-3495-field_0\">Nombre de usuario o correo electr\u00f3nico <span class=\"wpforms-required-label\">*<\/span><\/label><input type=\"text\" id=\"wpforms-3495-field_0\" class=\"wpforms-field-large wpforms-field-required\" name=\"wpforms[fields][0]\" required><\/div><div id=\"wpforms-3495-field_1-container\" class=\"wpforms-field wpforms-field-password\" data-field-id=\"1\"><label class=\"wpforms-field-label\" for=\"wpforms-3495-field_1\">Contrase\u00f1a <span class=\"wpforms-required-label\">*<\/span><\/label><input type=\"password\" id=\"wpforms-3495-field_1\" class=\"wpforms-field-large wpforms-field-required\" name=\"wpforms[fields][1]\" required><\/div><div id=\"wpforms-3495-field_2-container\" class=\"wpforms-field wpforms-field-checkbox\" data-field-id=\"2\"><ul id=\"wpforms-3495-field_2\" class=\"wpforms-field-required\"><li class=\"choice-1 depth-1\"><input type=\"checkbox\" id=\"wpforms-3495-field_2_1\" name=\"wpforms[fields][2][]\" value=\"Acepto\" required ><label class=\"wpforms-field-label-inline\" for=\"wpforms-3495-field_2_1\">Acepto<\/label><\/li><\/ul><div class=\"wpforms-field-description\"><p style=\"font-size: 12px;\">Para poder ingresar a nuestra plataforma debes aceptar las <a class=\"link-log\" title=\"politicas de privacidad imporbeer\" href=\"https:\/\/imporbeer.com.co\/portal-corporativo\/wp-content\/uploads\/2021\/11\/politica-privacidad-tratamiento-y-proteccion-de-datos-imporbeer.pdf\" target=\"_BLANK\">pol\u00edticas de privacidad<\/a> y los <a class=\"link-log\" title=\"T\u00e9rminos y condiciones\" href=\"https:\/\/imporbeer.com.co\/portal-corporativo\/wp-content\/uploads\/2021\/11\/terminos-y-condiciones-imporbeer.pdf\" target=\"_BLANK\">los t\u00e9rminos y condiciones de nuestro portal<\/a><\/p><\/div><\/div><\/div><div class=\"wpforms-submit-container\"><input type=\"hidden\" name=\"wpforms[id]\" value=\"3495\"><input type=\"hidden\" name=\"wpforms[author]\" value=\"1\"><button type=\"submit\" name=\"wpforms[submit]\" id=\"wpforms-submit-3495\" class=\"wpforms-submit\" aria-live=\"assertive\" value=\"wpforms-submit\">Enviar<\/button><\/div><\/form><\/div>  <!-- .wpforms-container --><\/div>\n<\/div>\n<div class=\"espacio-vacio-acces\"><\/div>\n<div><\/div>\n<div><\/div>\n<\/div>\n","protected":false},"excerpt":{"rendered":"<div class=\"members-access-error\">\n<div class=\"portal-acceso\">\n<div class=\"col-al-50\"><img class=\"aligncenter wp-image-2735 size-full\" src=\"https:\/\/imporbeer.com.co\/portal-corporativo\/wp-content\/uploads\/2021\/11\/portal-clientes.png\" alt=\"\" width=\"500\" height=\"370\" \/><\/div>\n<div class=\"col-al-50\"><div class=\"wpforms-container \" id=\"wpforms-3495\"><form id=\"wpforms-form-3495\" class=\"wpforms-validate wpforms-form\" data-formid=\"3495\" method=\"post\" enctype=\"multipart\/form-data\" action=\"\/portal-corporativo\/wp-json\/wp\/v2\/pages\/1944\" data-token=\"196fa3dce962970c8216f6cdd1639c76\"><noscript class=\"wpforms-error-noscript\">Por favor, activa JavaScript en tu navegador para completar este formulario.<\/noscript><div class=\"wpforms-field-container\"><div id=\"wpforms-3495-field_0-container\" class=\"wpforms-field wpforms-field-text\" data-field-id=\"0\"><label class=\"wpforms-field-label\" for=\"wpforms-3495-field_0\">Nombre de usuario o correo electr\u00f3nico <span class=\"wpforms-required-label\">*<\/span><\/label><input type=\"text\" id=\"wpforms-3495-field_0\" class=\"wpforms-field-large wpforms-field-required\" name=\"wpforms[fields][0]\" required><\/div><div id=\"wpforms-3495-field_1-container\" class=\"wpforms-field wpforms-field-password\" data-field-id=\"1\"><label class=\"wpforms-field-label\" for=\"wpforms-3495-field_1\">Contrase\u00f1a <span class=\"wpforms-required-label\">*<\/span><\/label><input type=\"password\" id=\"wpforms-3495-field_1\" class=\"wpforms-field-large wpforms-field-required\" name=\"wpforms[fields][1]\" required><\/div><div id=\"wpforms-3495-field_2-container\" class=\"wpforms-field wpforms-field-checkbox\" data-field-id=\"2\"><ul id=\"wpforms-3495-field_2\" class=\"wpforms-field-required\"><li class=\"choice-1 depth-1\"><input type=\"checkbox\" id=\"wpforms-3495-field_2_1\" name=\"wpforms[fields][2][]\" value=\"Acepto\" required ><label class=\"wpforms-field-label-inline\" for=\"wpforms-3495-field_2_1\">Acepto<\/label><\/li><\/ul><div class=\"wpforms-field-description\"><p style=\"font-size: 12px;\">Para poder ingresar a nuestra plataforma debes aceptar las <a class=\"link-log\" title=\"politicas de privacidad imporbeer\" href=\"https:\/\/imporbeer.com.co\/portal-corporativo\/wp-content\/uploads\/2021\/11\/politica-privacidad-tratamiento-y-proteccion-de-datos-imporbeer.pdf\" target=\"_BLANK\">pol\u00edticas de privacidad<\/a> y los <a class=\"link-log\" title=\"T\u00e9rminos y condiciones\" href=\"https:\/\/imporbeer.com.co\/portal-corporativo\/wp-content\/uploads\/2021\/11\/terminos-y-condiciones-imporbeer.pdf\" target=\"_BLANK\">los t\u00e9rminos y condiciones de nuestro portal<\/a><\/p><\/div><\/div><\/div><div class=\"wpforms-submit-container\"><input type=\"hidden\" name=\"wpforms[id]\" value=\"3495\"><input type=\"hidden\" name=\"wpforms[author]\" value=\"1\"><button type=\"submit\" name=\"wpforms[submit]\" id=\"wpforms-submit-3495\" class=\"wpforms-submit\" aria-live=\"assertive\" value=\"wpforms-submit\">Enviar<\/button><\/div><\/form><\/div>  <!-- .wpforms-container --><\/div>\n<\/div>\n<div class=\"espacio-vacio-acces\"><\/div>\n<div><\/div>\n<div><\/div>\n<\/div>\n","protected":false},"author":1,"featured_media":0,"parent":0,"menu_order":0,"comment_status":"closed","ping_status":"closed","template":"","meta":{"site-sidebar-layout":"no-sidebar","site-content-layout":"page-builder","ast-site-content-layout":"","site-content-style":"default","site-sidebar-style":"default","ast-global-header-display":"","ast-banner-title-visibility":"","ast-main-header-display":"","ast-hfb-above-header-display":"","ast-hfb-below-header-display":"","ast-hfb-mobile-header-display":"","site-post-title":"disabled","ast-breadcrumbs-content":"","ast-featured-img":"disabled","footer-sml-layout":"","theme-transparent-header-meta":"disabled","adv-header-id-meta":null,"stick-header-meta":"default","header-above-stick-meta":null,"header-main-stick-meta":"","header-below-stick-meta":null,"astra-migrate-meta-layouts":"","footnotes":""},"class_list":["post-1944","page","type-page","status-publish","hentry"],"acf":[],"yoast_head":"<!-- This site is optimized with the Yoast SEO plugin v21.0 - https:\/\/yoast.com\/wordpress\/plugins\/seo\/ -->\n<title>Portal clientes - IMPORBEER<\/title>\n<meta name=\"robots\" content=\"index, follow, max-snippet:-1, max-image-preview:large, max-video-preview:-1\" \/>\n<link rel=\"canonical\" href=\"https:\/\/imporbeer.com.co\/portal-corporativo\/portal\/\" \/>\n<meta property=\"og:locale\" content=\"es_ES\" \/>\n<meta property=\"og:type\" content=\"article\" \/>\n<meta property=\"og:title\" content=\"Portal clientes - IMPORBEER\" \/>\n<meta property=\"og:description\" content=\"Por favor, activa JavaScript en tu navegador para completar este formulario.Nombre de usuario o correo electr\u00f3nico *Contrase\u00f1a *AceptoPara poder ingresar a nuestra plataforma debes aceptar las pol\u00edticas de privacidad y los los t\u00e9rminos y condiciones de nuestro portalEnviar\" \/>\n<meta property=\"og:url\" content=\"https:\/\/imporbeer.com.co\/portal-corporativo\/portal\/\" \/>\n<meta property=\"og:site_name\" content=\"IMPORBEER\" \/>\n<meta property=\"article:modified_time\" content=\"2021-12-03T11:34:20+00:00\" \/>\n<meta property=\"og:image\" content=\"https:\/\/imporbeer.com.co\/portal-corporativo\/wp-content\/uploads\/2021\/11\/servicio-al-cliente.png\" \/>\n<meta name=\"twitter:card\" content=\"summary_large_image\" \/>\n<script type=\"application\/ld+json\" class=\"yoast-schema-graph\">{\"@context\":\"https:\/\/schema.org\",\"@graph\":[{\"@type\":\"WebPage\",\"@id\":\"https:\/\/imporbeer.com.co\/portal-corporativo\/portal\/\",\"url\":\"https:\/\/imporbeer.com.co\/portal-corporativo\/portal\/\",\"name\":\"Portal clientes - IMPORBEER\",\"isPartOf\":{\"@id\":\"https:\/\/imporbeer.com.co\/portal-corporativo\/#website\"},\"datePublished\":\"2021-11-13T00:20:27+00:00\",\"dateModified\":\"2021-12-03T11:34:20+00:00\",\"breadcrumb\":{\"@id\":\"https:\/\/imporbeer.com.co\/portal-corporativo\/portal\/#breadcrumb\"},\"inLanguage\":\"es\",\"potentialAction\":[{\"@type\":\"ReadAction\",\"target\":[\"https:\/\/imporbeer.com.co\/portal-corporativo\/portal\/\"]}]},{\"@type\":\"BreadcrumbList\",\"@id\":\"https:\/\/imporbeer.com.co\/portal-corporativo\/portal\/#breadcrumb\",\"itemListElement\":[{\"@type\":\"ListItem\",\"position\":1,\"name\":\"Inicio\",\"item\":\"https:\/\/imporbeer.com.co\/portal-corporativo\/\"},{\"@type\":\"ListItem\",\"position\":2,\"name\":\"Portal clientes\"}]},{\"@type\":\"WebSite\",\"@id\":\"https:\/\/imporbeer.com.co\/portal-corporativo\/#website\",\"url\":\"https:\/\/imporbeer.com.co\/portal-corporativo\/\",\"name\":\"IMPORBEER\",\"description\":\"Portal Corporativo_Portal Clientes\",\"publisher\":{\"@id\":\"https:\/\/imporbeer.com.co\/portal-corporativo\/#organization\"},\"potentialAction\":[{\"@type\":\"SearchAction\",\"target\":{\"@type\":\"EntryPoint\",\"urlTemplate\":\"https:\/\/imporbeer.com.co\/portal-corporativo\/?s={search_term_string}\"},\"query-input\":\"required name=search_term_string\"}],\"inLanguage\":\"es\"},{\"@type\":\"Organization\",\"@id\":\"https:\/\/imporbeer.com.co\/portal-corporativo\/#organization\",\"name\":\"IMPORBEER\",\"url\":\"https:\/\/imporbeer.com.co\/portal-corporativo\/\",\"logo\":{\"@type\":\"ImageObject\",\"inLanguage\":\"es\",\"@id\":\"https:\/\/imporbeer.com.co\/portal-corporativo\/#\/schema\/logo\/image\/\",\"url\":\"https:\/\/i0.wp.com\/imporbeer.com.co\/portal-corporativo\/wp-content\/uploads\/2021\/11\/cropped-logo-imporbeer.png?fit=232%2C78&ssl=1\",\"contentUrl\":\"https:\/\/i0.wp.com\/imporbeer.com.co\/portal-corporativo\/wp-content\/uploads\/2021\/11\/cropped-logo-imporbeer.png?fit=232%2C78&ssl=1\",\"width\":232,\"height\":78,\"caption\":\"IMPORBEER\"},\"image\":{\"@id\":\"https:\/\/imporbeer.com.co\/portal-corporativo\/#\/schema\/logo\/image\/\"}}]}<\/script>\n<!-- \/ Yoast SEO plugin. -->","yoast_head_json":{"title":"Portal clientes - IMPORBEER","robots":{"index":"index","follow":"follow","max-snippet":"max-snippet:-1","max-image-preview":"max-image-preview:large","max-video-preview":"max-video-preview:-1"},"canonical":"https:\/\/imporbeer.com.co\/portal-corporativo\/portal\/","og_locale":"es_ES","og_type":"article","og_title":"Portal clientes - IMPORBEER","og_description":"Por favor, activa JavaScript en tu navegador para completar este formulario.Nombre de usuario o correo electr\u00f3nico *Contrase\u00f1a *AceptoPara poder ingresar a nuestra plataforma debes aceptar las pol\u00edticas de privacidad y los los t\u00e9rminos y condiciones de nuestro portalEnviar","og_url":"https:\/\/imporbeer.com.co\/portal-corporativo\/portal\/","og_site_name":"IMPORBEER","article_modified_time":"2021-12-03T11:34:20+00:00","og_image":[{"url":"https:\/\/imporbeer.com.co\/portal-corporativo\/wp-content\/uploads\/2021\/11\/servicio-al-cliente.png"}],"twitter_card":"summary_large_image","schema":{"@context":"https:\/\/schema.org","@graph":[{"@type":"WebPage","@id":"https:\/\/imporbeer.com.co\/portal-corporativo\/portal\/","url":"https:\/\/imporbeer.com.co\/portal-corporativo\/portal\/","name":"Portal clientes - IMPORBEER","isPartOf":{"@id":"https:\/\/imporbeer.com.co\/portal-corporativo\/#website"},"datePublished":"2021-11-13T00:20:27+00:00","dateModified":"2021-12-03T11:34:20+00:00","breadcrumb":{"@id":"https:\/\/imporbeer.com.co\/portal-corporativo\/portal\/#breadcrumb"},"inLanguage":"es","potentialAction":[{"@type":"ReadAction","target":["https:\/\/imporbeer.com.co\/portal-corporativo\/portal\/"]}]},{"@type":"BreadcrumbList","@id":"https:\/\/imporbeer.com.co\/portal-corporativo\/portal\/#breadcrumb","itemListElement":[{"@type":"ListItem","position":1,"name":"Inicio","item":"https:\/\/imporbeer.com.co\/portal-corporativo\/"},{"@type":"ListItem","position":2,"name":"Portal clientes"}]},{"@type":"WebSite","@id":"https:\/\/imporbeer.com.co\/portal-corporativo\/#website","url":"https:\/\/imporbeer.com.co\/portal-corporativo\/","name":"IMPORBEER","description":"Portal Corporativo_Portal Clientes","publisher":{"@id":"https:\/\/imporbeer.com.co\/portal-corporativo\/#organization"},"potentialAction":[{"@type":"SearchAction","target":{"@type":"EntryPoint","urlTemplate":"https:\/\/imporbeer.com.co\/portal-corporativo\/?s={search_term_string}"},"query-input":"required name=search_term_string"}],"inLanguage":"es"},{"@type":"Organization","@id":"https:\/\/imporbeer.com.co\/portal-corporativo\/#organization","name":"IMPORBEER","url":"https:\/\/imporbeer.com.co\/portal-corporativo\/","logo":{"@type":"ImageObject","inLanguage":"es","@id":"https:\/\/imporbeer.com.co\/portal-corporativo\/#\/schema\/logo\/image\/","url":"https:\/\/i0.wp.com\/imporbeer.com.co\/portal-corporativo\/wp-content\/uploads\/2021\/11\/cropped-logo-imporbeer.png?fit=232%2C78&ssl=1","contentUrl":"https:\/\/i0.wp.com\/imporbeer.com.co\/portal-corporativo\/wp-content\/uploads\/2021\/11\/cropped-logo-imporbeer.png?fit=232%2C78&ssl=1","width":232,"height":78,"caption":"IMPORBEER"},"image":{"@id":"https:\/\/imporbeer.com.co\/portal-corporativo\/#\/schema\/logo\/image\/"}}]}},"jetpack_shortlink":"https:\/\/wp.me\/PdAVaz-vm","_links":{"self":[{"href":"https:\/\/imporbeer.com.co\/portal-corporativo\/wp-json\/wp\/v2\/pages\/1944","targetHints":{"allow":["GET"]}}],"collection":[{"href":"https:\/\/imporbeer.com.co\/portal-corporativo\/wp-json\/wp\/v2\/pages"}],"about":[{"href":"https:\/\/imporbeer.com.co\/portal-corporativo\/wp-json\/wp\/v2\/types\/page"}],"author":[{"embeddable":true,"href":"https:\/\/imporbeer.com.co\/portal-corporativo\/wp-json\/wp\/v2\/users\/1"}],"replies":[{"embeddable":true,"href":"https:\/\/imporbeer.com.co\/portal-corporativo\/wp-json\/wp\/v2\/comments?post=1944"}],"version-history":[{"count":57,"href":"https:\/\/imporbeer.com.co\/portal-corporativo\/wp-json\/wp\/v2\/pages\/1944\/revisions"}],"predecessor-version":[{"id":5292,"href":"https:\/\/imporbeer.com.co\/portal-corporativo\/wp-json\/wp\/v2\/pages\/1944\/revisions\/5292"}],"wp:attachment":[{"href":"https:\/\/imporbeer.com.co\/portal-corporativo\/wp-json\/wp\/v2\/media?parent=1944"}],"curies":[{"name":"wp","href":"https:\/\/api.w.org\/{rel}","templated":true}]}}